313211 (base 4) to base 14
-931697
-5d0e5b (base 15) to base 7
-52615526
What is 1217127 (base 9) in base 15?
d0e24
What is -11120222101000 (base 3) in base 13?
-675933
What is -10101011111100110 (base 2) in base 11?
-60165
Convert -101011011011110010100 (base 2) to base 8.
-5333624
Convert c70bc3 (base 15) to base 9.
18732673
Convert b3a159 (base 12) to base 13.
7781a0
2272478 (base 9) to base 6
42200412
-51178 (base 12) to base 16
-19cac
What is 7210057 (base 8) in base 7?
22122011
What is 12c94 (base 15) in base 16?
eb36
97032 (base 12) to base 14
52610
-6c6272 (base 13) to base 4
-21312320213
Convert -664405 (base 14) to base 15.
-487da5
190188 (base 10) to base 14
4d44c
-aa49 (base 16) to base 8
-125111
-5825 (base 11) to base 5
-221100
Convert -102201112210102 (base 3) to base 11.
-3576173
Convert 100b38 (base 12) to base 9.
421508
-5332433 (base 7) to base 2
-10011101111001110111
What is 10001001011001100100 (base 2) in base 6?
20021300
Convert -1000111010101101100 (base 2) to base 3.
-112211211101
What is 4c8a87 (base 13) in base 8?
7027761
-1221220220 (base 3) to base 9
-57826
What is -4223423424 (base 5) in base 15?
-b90a79
What is -1220235 (base 6) in base 9?
-108015
What is -13ea6 (base 16) in base 12?
-3b25a
-3013320121 (base 4) to base 5
-202144323
Convert 37685 (base 13) to base 12.
4b175
-32323314 (base 6) to base 3
-1210202121101
Convert -2f3a5 (base 16) to base 5.
-22142240
What is -364c8 (base 16) in base 3?
-102022002100
What is -6044 (base 7) in base 4?
-200222
Convert 67668 (base 12) to base 5.
13344311
1213572 (base 9) to base 3
1020110122102
What is 2221200201021 (base 3) in base 15?
20eb84
-1a01323 (base 13) to base 2
-100000100101100100001000
239715 (base 14) to base 15
1908c3
Convert 21227725 (base 8) to base 12.
1627b85
Convert 29e54b (base 15) to base 3.
10210202210022
-16240342 (base 9) to base 8
-36754016
-653605 (base 8) to base 9
-363377
-d7145 (base 14) to base 10
-518873
330544 (base 10) to base 14
88664
Convert -4395 (base 10) to base 14.
-185d
Convert 3e664a (base 15) to base 5.
1232233140
Convert dfa5a (base 16) to base 5.
213303213
Convert 210120201111 (base 3) to base 7.
3416332
-776ac8 (base 13) to base 9
-5258082
Convert 1000000100102 (base 3) to base 4.
2001303233
What is 852051 (base 11) in base 7?
14411433
20a86 (base 16) to base 4
200222012
What is -2421131331 (base 5) in base 13?
-1228a46
-16c7d7 (base 16) to base 9
-2724844
Convert -1732008 (base 11) to base 8.
-13170747
1110110011110011110 (base 2) to base 6
14222354
What is 110000100001001011001 (base 2) in base 9?
2882768
10010010000101111000 (base 2) to base 3
1010101211200
What is 107437 (base 9) in base 12?
313ba
Convert 45631 (base 11) to base 4.
100012323
Convert -325011 (base 13) to base 11.
-738066
4124473 (base 9) to base 6
115102533
44050436 (base 8) to base 2
100100000101000100011110
-11130103122 (base 4) to base 9
-2613886
What is 1232130103 (base 4) in base 15?
8e081
What is -1010001000100110101 (base 2) in base 16?
-51135
Convert -1631 (base 11) to base 7.
-6045
-4597681 (base 10) to base 14
-87977b
What is -1011000111010001 (base 2) in base 5?
-2424041
What is a49335 (base 11) in base 16?
19a82e
Convert -356ab9 (base 13) to base 8.
-4663634
Convert -1101222001122 (base 3) to base 6.
-24003325
-101250 (base 10) to base 5
-11220000
-173a104 (base 11) to base 7
-34061611
1047041 (base 8) to base 10
282145
What is 1225224 (base 6) in base 16?
101b0
What is -10411313 (base 5) in base 14?
-2548a
What is 127122 (base 10) in base 16?
1f092
Convert -37b2 (base 12) to base 9.
-8608
Convert -5d3a51 (base 15) to base 7.
-52654432
5214210 (base 6) to base 14
676d8
What is -1344330 (base 10) in base 16?
-14834a
-1111011111001110000111 (base 2) to base 14
-77986b
What is -99340 (base 14) in base 6?
-11541552
Convert 201320401 (base 5) to base 14.
17045b
What is 423435 (base 9) in base 15?
4e95b
Convert -57ab0 (base 15) to base 10.
-279165
Convert 91900 (base 10) to base 2.
10110011011111100
Convert 50c8 (base 16) to base 8.
50310
What is -43472 (base 13) in base 5?
-12342404
What is 27403 (base 8) in base 16?
2f03
200316 (base 10) to base 4
300321330
What is 12324411 (base 5) in base 10?
120606
Convert 1955368 (base 13) to base 7.
130512544
What is 7b90b (base 14) in base 5?
34111441
What is 5d37a6 (base 14) in base 2?
1100001100110101000110
What is 199002 (base 10) in base 8?
604532
Convert 18828 (base 13) to base 3.
2102012010
Convert 38380 (base 9) to base 7.
135210
12544304 (base 7) to base 2
100011001101111010011
What is -111075 (base 9) in base 8?
-201547
What is 53125 (base 14) in base 6?
4144233
Convert -43224021 (base 6) to base 3.
-2101222002111
Convert -2cc270 (base 13) to base 11.
-69a600
Convert 134321215 (base 6) to base 3.
12010210222002
Convert -23773022 (base 8) to base 10.
-5240338
What is -110214115 (base 6) in base 10?
-1977311
32a719 (base 13) to base 14
2312a4
-3101021310 (base 4) to base 11
-535711
-221113332 (base 4) to base 2
-101001010111111110
Convert 12121211012 (base 3) to base 11.
76177
What is -7858700 (base 9) in base 3?
-21221222210000
What is 21694a (base 14) in base 3?
2010112022012
-b2a84 (base 14) to base 5
-102231030
What is 1783bb (base 16) in base 10?
1541051
What is -1032324 (base 5) in base 10?
-17839
Convert -2e93a0 (base 15) to base 10.
-2258700
-a247c9 (base 15) to base 4
-131122120320
Convert -3a177 (base 11) to base 12.
-292a6
What is 2015314 (base 8) in base 6?
15215004
-1123330002 (base 4) to base 13
-102537
What is -35315311 (base 8) in base 14?
-1048b21
What is 43551 (base 11) in base 15?
13ae8
What is -1001101111010101 (base 2) in base 4?
-21233111
16a682 (base 11) to base 14
6bbd5
What is -245522 (base 9) in base 3?
-21112120202
1573132 (base 8) to base 11
2918a2
What is c68c4 (base 14) in base 6?
14134300
What is -224cb4 (base 14) in base 13?
-31a929
What is -68597 (base 16) in base 11?
-27213a
Convert 291231 (base 10) to base 4.
1013012133
-162073 (base 13) to base 3
-1000210112201
Convert 17453444 (base 8) to base 9.
7616268
What is -1021211101101 (base 3) in base 11?
-429069
Convert -245089 (base 11) to base 14.
-a128a
What is -10210100220 (base 3) in base 8?
-221601
What is 372467 (base 10) in base 4?
1122323303
1243567 (base 9) to base 10
678436
1413789 (base 10) to base 3
2122211100120
Convert a0b830 (base 13) to base 10.
3738488
What is 716353 (base 12) in base 3?
10100002200100
Convert 110012012202 (base 3) to base 5.
30134441
1aaa223 (base 12) to base 14
a84dbd
Convert 41cab7 (base 13) to base 9.
2810123
Convert -732466 (base 8) to base 3.
-110100022221
Convert -186883 (base 11) to base 4.
-1012013320
1231452514 (base 6) to base 9
30018361
What is 260446 (base 8) in base 3?
11121000101
What is -22122210000 (base 3) in base 4?
-221212320
What is -4311312 (base 9) in base 3?
-11100101100102
300133 (base 8) to base 7
556603
Convert 44455042 (base 6) to base 16.
148622
3a3004 (base 15) to base 8
12522010
Convert -36fa29 (base 16) to base 8.
-15575051
What is 11110111011110100 (base 2) in base 11?
8721a
-1011110100111000010 (base 2) to base 10
-387522
18e1cf (base 16) to base 11
a14169
-111001001000011011 (base 2) to base 13
-8268b
Convert -9bbe (base 15) to base 7.
-165203
What is -181b77 (base 15) in base 12?
-485341
-101240404 (base 5) to base 11
-263968
Convert 2ff6a (base 16) to base 4.
233331222
-11065141 (base 9) to base 4
-110123333203
Convert -16048 (base 16) to base 10.
-90184
What is 3dbe7 (base 15) in base 14?
52466
-20222201020 (base 3) to base 9
-228636
-10001110100010010010 (base 2) to base 16
-8e892
-110020110112200 (base 3) to base 9
-13213480
Convert -11a933 (base 11) to base 5.
-22041002
-211232302 (base 4) to base 2
-100101101110110010
What is -22110031 (base 4) in base 3?
-2010221221
1164043 (base 8) to base 12
136117
Convert 1225335 (base 10) to base 8.
4531167
-1312303341 (base 5) to base 13
-897876
Convert 3241410401 (base 5) to base 11.
3a39731
Convert 102a9 (base 12) to base 9.
32013
What is 1504314 (base 7) in base 2?
110001100111001110
What is -32322032 (base 4) in base 11?
-41979
Convert 6045 (base 12) to base 5.
313141
-765a (base 14) to base 16
-4ff0
352300110 (base 6) to base 5
3134231320
What is 353141 (base 8) in base 9?
203156
Convert -2a832c (base